{"id":11,"date":"2013-09-21T18:31:12","date_gmt":"2013-09-21T18:31:12","guid":{"rendered":"http:\/\/farvedufte.dk\/?page_id=11"},"modified":"2021-03-24T09:54:05","modified_gmt":"2021-03-24T09:54:05","slug":"forside-2","status":"publish","type":"page","link":"https:\/\/farvedufte.dk\/","title":{"rendered":""},"content":{"rendered":"<p><b><br \/>\n<a href=\"http:\/\/farvedufte.dk\/wp-content\/uploads\/2013\/09\/Mette2.jpg\"><img decoding=\"async\" loading=\"lazy\" class=\"size-full wp-image-8 alignright\" src=\"http:\/\/farvedufte.dk\/wp-content\/uploads\/2013\/09\/Mette2.jpg\" alt=\"Mette2\" width=\"153\" height=\"183\" \/><\/a><\/b><\/p>\n<p><strong>DK-Kinesiolog RAB \/ Enhedsterapeut<br \/>\n<\/strong><strong> Medlem af foreningen Danske Kinesiologer Enhetsterapiforeningen Danmark<\/strong><\/p>\n<p><strong><span style=\"font-size: medium;\">\u00a0CVR:\u00a0<\/span><\/strong><span style=\"font-size: medium;\">19879674 \/ SE12081316<\/span><\/p>\n<p>Jeg arbejder i egen klinik med vejledning af klienter ud fra et p\u00e6dagogisk perspektiv. Ved brug af kinesiologi arbejder jeg med mangfoldige afbalanceringsteknikker indenfor forskellige grene af kinesiologien. F.eks. lyde, motoriske m\u00f8nstre, dufte og farver, kost, hom\u00f8opati og forskellige energisystemer f.eks. chakra, meridianer og gitre. Mit klientel er <span style=\"font-family: Arial; font-size: small;\">alle aldersgrupper.<\/span><\/p>\n<p>Som udgangspunkt i behandlingerne arbejder jeg ud fra det perspektiv, at mennesker skal v\u00e6re i balance f\u00f8lelsesm\u00e6ssigt, fysisk, tankem\u00e6ssigt og \u00e5ndeligt for at de kan v\u00e6re velfungerende, glade og optimistiske og have energi og overskud til at klare dagligdagens mangfoldige opgaver.<\/p>\n<p>Jeg udbyder kurser, uddannelse og efteruddannelse til DK-Kinesiolog og DK-Kinesiolog RAB. Dette foreg\u00e5r i Kinesiologi-Akademiets regi <a href=\"http:\/\/www.kinesiologi-akademiet.dk\/\"><span style=\"text-decoration: underline;\"><span style=\"color: #0000ff; font-family: Arial; font-size: small;\">www.kinesiologi-akademiet.dk<\/span><\/span><\/a>\u00a0<span style=\"font-family: Arial; font-size: small;\">\u00a0\/ <a href=\"http:\/\/www.enhedsterapi.dk\">www.enhedsterapi.dk<\/a>. <\/span>Om kurserne er det muligt at l\u00e6se mere p\u00e5 Kinesiologi-Akademiets hjemmeside.<\/p>\n<p>Jeg er uddannet folkeskolel\u00e6rer og har gennem 25 \u00e5r haft mit arbejde p\u00e5 Vibeholmskolen i Ish\u00f8j, hvor jeg bl.a. har arbejdet med P\u00e6dagogisk Kinesiologi med b\u00f8rn med indl\u00e6ringsvanskeligheder.<\/p>\n<p>Uddannelsen i kinesiologi tog jeg i 1989 og da muligheden kom for at tage eksamen indenfor den p\u00e6dagogiske gren af kinesiologien, tog jeg eksamen i 1999. Jeg har sidel\u00f8bende med l\u00e6rerjobbet undervist i kinesiologi og arbejdet med kinesiologi i egen klinik. I 2001 forlod jeg folkeskolen og gik p\u00e5 fuld tid i min klinik med kinesiologi. I 2002 uddannede jeg mig til akupunkt\u00f8r og har sidel\u00f8bende med kinesiologien arbejdet med akupunktur i klinikken. 2015 uddannede jeg mig til <a href=\"http:\/\/farvedufte.dk\/ENHEDSTERAPEUT%20hjemmeside.pdf\">Enhedsterapeut<\/a>.<\/p>\n<p><span style=\"font-size: small;\"><span style=\"font-family: Arial;\">\u00a0\u00a0\u00a0\u00a0\u00a0\u00a0\u00a0\u00a0\u00a0\u00a0\u00a0\u00a0\u00a0\u00a0\u00a0\u00a0\u00a0\u00a0\u00a0\u00a0\u00a0\u00a0\u00a0\u00a0\u00a0\u00a0\u00a0\u00a0\u00a0\u00a0\u00a0\u00a0\u00a0\u00a0\u00a0\u00a0\u00a0\u00a0\u00a0\u00a0\u00a0\u00a0\u00a0\u00a0\u00a0\u00a0\u00a0\u00a0\u00a0\u00a0\u00a0\u00a0\u00a0\u00a0\u00a0\u00a0\u00a0\u00a0\u00a0\u00a0\u00a0\u00a0\u00a0\u00a0\u00a0\u00a0\u00a0\u00a0\u00a0\u00a0\u00a0\u00a0\u00a0\u00a0\u00a0\u00a0\u00a0\u00a0\u00a0\u00a0\u00a0\u00a0\u00a0\u00a0\u00a0\u00a0\u00a0\u00a0\u00a0\u00a0\u00a0\u00a0\u00a0\u00a0\u00a0\u00a0\u00a0\u00a0\u00a0\u00a0\u00a0\u00a0\u00a0\u00a0<\/span><\/span><\/p>\n<p>Nogle KURSER kan ses her p\u00e5 hjemmesiden og om uddannelsen til DK-Kinesiolog og DK-Kinesiolog RAB er der informationer p\u00e5 Kinesiologi-Akademiets hjemmeside <a href=\"http:\/\/www.kinesiologi-akademiet.dk\">www.kinesiologi-akademiet.dk<\/a> \/ <a href=\"http:\/\/www.enhedsterapi.dk\">www.enhedsterapi.dk<\/a> og p\u00e5\u00a0\u00a0Danske Kinesiologers hjemmeside <a href=\"http:\/\/www.kinesiologi.dk\">www.kinesiologi.dk<\/a><\/p>\n<p>&nbsp;<\/p>\n<p>&nbsp;<\/p>\n","protected":false},"excerpt":{"rendered":"<p>DK-Kinesiolog RAB \/ Enhedsterapeut Medlem af foreningen Danske Kinesiologer Enhetsterapiforeningen Danmark \u00a0CVR:\u00a019879674 \/ SE12081316 Jeg arbejder i egen klinik med vejledning af klienter ud fra et p\u00e6dagogisk perspektiv. Ved brug af kinesiologi arbejder jeg med mangfoldige afbalanceringsteknikker indenfor forskellige grene &hellip; <a href=\"https:\/\/farvedufte.dk\/\">L\u00e6s resten <span class=\"meta-nav\">&rarr;<\/span><\/a><\/p>\n","protected":false},"author":1,"featured_media":0,"parent":0,"menu_order":0,"comment_status":"open","ping_status":"open","template":"","meta":[],"_links":{"self":[{"href":"https:\/\/farvedufte.dk\/index.php?rest_route=\/wp\/v2\/pages\/11"}],"collection":[{"href":"https:\/\/farvedufte.dk\/index.php?rest_route=\/wp\/v2\/pages"}],"about":[{"href":"https:\/\/farvedufte.dk\/index.php?rest_route=\/wp\/v2\/types\/page"}],"author":[{"embeddable":true,"href":"https:\/\/farvedufte.dk\/index.php?rest_route=\/wp\/v2\/users\/1"}],"replies":[{"embeddable":true,"href":"https:\/\/farvedufte.dk\/index.php?rest_route=%2Fwp%2Fv2%2Fcomments&post=11"}],"version-history":[{"count":18,"href":"https:\/\/farvedufte.dk\/index.php?rest_route=\/wp\/v2\/pages\/11\/revisions"}],"predecessor-version":[{"id":145,"href":"https:\/\/farvedufte.dk\/index.php?rest_route=\/wp\/v2\/pages\/11\/revisions\/145"}],"wp:attachment":[{"href":"https:\/\/farvedufte.dk\/index.php?rest_route=%2Fwp%2Fv2%2Fmedia&parent=11"}],"curies":[{"name":"wp","href":"https:\/\/api.w.org\/{rel}","templated":true}]}}